(9)?
2
What is the units digit of (-26811)/(-36) + 10/8?
6
Let y(q) = q**3 - 20*q**2 - 19*q + 109. What is the hundreds digit of y(21)?
1
Suppose j - 6*j - x + 22 = 0, 5*x - 26 = -4*j. Suppose 0 = -j*p + 5*c + 33, -p + 16 = 5*c - 11. Let z = p + 13. What is the units digit of z?
5
Suppose 43*k + 2294 = 44*k - 2*c, -11535 = -5*k - 3*c. What is the thousands digit of k?
2
Let n = -42 - -56. Suppose 0 = -10*b + n*b - 784. What is the tens digit of b?
9
Let d(x) = -9*x**3 - 4*x**2 - 12*x - 12. What is the hundreds digit of d(-3)?
2
Let z be 126/4 + (-6)/12. Suppose -5*a + 194 = -z. What is the tens digit of a?
4
Let t(a) = 40*a**2 + 23*a - 8. What is the tens digit of t(5)?
0
Suppose 4*a = -4*i + 436, 191 = 2*a - 3*i - 22. What is the units digit of a?
8
Suppose 15656 = 13*g + 6*g. What is the units digit of g?
4
Let t = 9 - 13. Let y = t - -5. Suppose 0 = -2*v + 3*k + 4, v - k - 4 + y = 0. What is the units digit of v?
5
Suppose 3*d = -3*w + 7134, -4*d + 9467 = 4*w - 9*d. What is the thousands digit of w?
2
Suppose 2*n + 2*q = -q + 3, 0 = -4*n - q + 21. Suppose h - n = -h. What is the units digit of (5/15)/(h/45)?
5
Let a(m) be the second derivative of m**4/2 + m**3/3 + 2*m**2 + 20*m. Suppose 5*j - 4 = -14. What is the units digit of a(j)?
4
What is the units digit of 74/(6 - 5)*2?
8
Let x = -9 + 14. Suppose -r = -x*o - 71, o = -5*r + 6 + 375. Suppose -2*y - 5*c + r = 0, -2*y - 68 = -4*y - c. What is the units digit of y?
3
Let u(h) = 9*h**2 + 6*h - 118. What is the thousands digit of u(-16)?
2
Suppose -7*b + 2578 = -16455. What is the thousands digit of b?
2
Let h be 652*((-20)/(-8))/5. Let t = h - 136. What is the units digit of t?
0
Let c(l) = 5*l**2 + 26*l + 18. Let r be 15/5*3/((-18)/20). What is the hundreds digit of c(r)?
2
Let d = -2 + 1. Let m = -7 + 11. What is the units digit of (-7)/((m/20)/d)?
5
Let m be ((-931)/14)/(2/4). Let g = 89 + m. Let w = 92 + g. What is the units digit of w?
8
Let p(v) be the first derivative of -v**2 + 16*v - 8. Let k be p(-7). Suppose -3*o = k - 129. What is the units digit of o?
3
Suppose -10*s - 457 = 1823. Let i = 330 + s. What is the hundreds digit of i?
1
Let k = 7 - 8. Let j be (k/2)/((-10)/380). Let o = j + -9. What is the units digit of o?
0
Let c = -865 - -1457. What is the units digit of c?
2
Let y(p) = 240*p**2 - 4. Let j be y(2). Suppose 6*c - c = 4*u + 1231, 4*c = -4*u + j. What is the units digit of c?
3
Let w(d) = d**2 + 17*d + 18. Let j be w(-23). Suppose -5*a - j - 122 = -2*q, -q + 133 = -4*a. What is the hundreds digit of q?
1
Let w = 0 + 2. Let o be -3*w*(-1)/(-6). What is the tens digit of o/1*(4 + -26)?
2
What is the tens digit of 4/(-26) + ((-5176)/(-13) - -4)?
0
Let q = -1 - -4. Let b = 43 + q. What is the units digit of b?
6
Let t be (2 + 2/1)/(-2). What is the tens digit of t/1 + 0 + 52?
5
What is the tens digit of 300/(5 + -2 + -2)?
0
What is the units digit of 722136/156 - (-2)/(-26)?
9
Let f(o) = -27*o - 3. Let d be f(-5). Let u = -31 + d. What is the units digit of u/3 + 13/39?
4
What is the thousands digit of 232694/77*(-1)/(-2)?
1
Let m = 148 + -57. What is the tens digit of (3 + m)*6/12?
4
Suppose -3*y = -y - 30. Suppose 27 = -3*p - y. Let a = p - -27. What is the units digit of a?
3
Let f be ((-42)/(-147))/(1/14). Let l(o) = -7*o - 3. Let c(q) = -q. Let t(j) = -4*c(j) - l(j). What is the units digit of t(f)?
7
Suppose 0 = 3*b - 0*b + 6. Let k = b - -5. Suppose 0 = n - k - 5. What is the units digit of n?
8
Let q be 4 - (-3 + (0 - -3)). Let d(r) = 0*r**3 - r**3 + 8 + q*r**2 + r - 9. What is the tens digit of d(3)?
1
Let d = -167 - -197. What is the tens digit of d?
3
Let p(k) = -k - 3. Let h be p(-10). Suppose -4*x = 5*y - h*x - 780, -156 = -y - 2*x. What is the units digit of y?
6
Let q be (-2 + 3)/((2/(-5))/2). What is the tens digit of ((-1880)/(-25) - (-1)/q) + 1?
7
Let a = -398 + 936. What is the tens digit of a?
3
Suppose 0 = -5*u + 3*u - 6. Let n(y) = -26*y - 15. Let r(s) = -9*s - 5. Let i(a) = 6*n(a) - 17*r(a). What is the units digit of i(u)?
4
Let c(q) = -2*q - 24. Let v be (4 - 2)/(6/(-30)). Let z be c(v). Let a(w) = -w**3 - w**2 + 7*w - 4. What is the units digit of a(z)?
6
Let w(t) = t**2 - 6*t - 22. Let n be w(14). Suppose n = 2*c - 98. What is the tens digit of c?
9
Let c(o) = 54*o + 1 - 18 - 14. What is the units digit of c(3)?
1
Let t(q) = 3*q**3 - 2*q. Let p be t(2). Let f = -20 + p. Suppose -42 = -o - g, 5*o - 5*g - 240 = -f*o. What is the tens digit of o?
4
Suppose -3*n - 28*y + 2516 = -30*y, -2 = -y. What is the units digit of n?
0
Let a be 2 + 5/(-1) + 551. What is the hundreds digit of a*-6*4/(-48)?
2
Let q(u) = 6*u - 5. Let f be q(11). What is the units digit of -1*(-4)/(4/f)?
1
What is the tens digit of (-1446)/(-9)*5*(-234)/(-52)?
1
Let c = 23 - -77. Suppose 3*t = -u + c, t + 6 = 2. What is the tens digit of u?
1
Suppose 13531 = -0*z + 7*z. What is the units digit of z?
3
Let b = -111 - -281. Let v = 256 - b. What is the tens digit of v?
8
Let f = -7 + 14. Suppose -i + f*i - 474 = 0. What is the units digit of i?
9
Let z(v) = -v**2 + 8*v + 7. Suppose 3*j = -3*p + 51, -4 = j - 3*p - 13. Let f = j - 7. What is the units digit of z(f)?
7
Suppose v - 2*v = 382. What is the tens digit of v/(-4) - (-51)/34?
9
Suppose 0 = -4*m + 5*b + 8, m - b + 19 = -5*b. Let u = 5 + m. What is the units digit of u?
2
Let k = -61 - -114. Let l = 164 + k. What is the units digit of l?
7
Let k(n) = 44*n**2 + 3*n - 4. Let d be k(2). What is the tens digit of d*(3/8 + (-7)/(-56))?
8
Let a(b) = -11*b - 23. Let d(j) = 7*j + 15. Suppose g + 9*r = 4*r - 3, -36 = 4*g - 4*r. Let t(i) = g*d(i) - 5*a(i). What is the units digit of t(-10)?
5
Suppose 4*a = 5*i - 734, 0*i - i = 3*a - 143. Suppose 8*n - 292 = 4*n + b, -2*n - 5*b = -i. What is the units digit of n?
3
Let d = 9753 - 6902. What is the tens digit of d?
5
Suppose 16*q = 1356 + 1508. What is the hundreds digit of q?
1
Let m(w) = -391*w + 132. What is the thousands digit of m(-4)?
1
Let j = 2 + 10. Let k = j + 2. Let a = k + 10. What is the tens digit of a?
2
Suppose -5 = -7*i + 16. Suppose 0 = -0*n + n. Suppose n = -r + i - 1. What is the units digit of r?
2
Let v be (-19)/(-7) + 28/98. Suppose 5*t + 0*g - 3*g = 6, -2*t + g + v = 0. Suppose f = -t*i + 4*i - 61, 4*i + 3*f = 216. What is the tens digit of i?
5
Let d = -44 + 46. Suppose -2*x + 554 = -d*l, -1651 + 533 = -4*x + 2*l. What is the units digit of x?
2
Suppose 2*u - 5*g + 374 = 3*u, -1982 = -5*u + 3*g. Suppose 4*k - 294 = u. What is the tens digit of k?
7
Let c(j) = 2*j**2 - 2*j + 1. Let r be c(1). Let q = 7 + r. Let b = 17 - q. What is the units digit of b?
9
What is the tens digit of (4 - 3)/(4/428)?
0
Suppose -o - 11*h + 168 = -12*h, 2*h = 4*o - 680. What is the hundreds digit of o?
1
Let g = 27 + -22. Suppose -g*v - 163 = -4*o + o, -2*o - v + 100 = 0. What is the tens digit of o?
5
Let p(n) = 16*n**2 + 3*n + 9. What is the tens digit of p(3)?
6
Suppose -3101 = -8*o + 3. What is the tens digit of o?
8
Let l = 5 + -5. Let d be -1*(l - 0) - -1. Suppose -21 = -5*p - d. What is the units digit of p?
4
Let s = 12 + -10. Suppose -4 = -s*l - 10. Let g = l - -13. What is the tens digit of g?
1
Suppose b + 4*a = -44, -3*a - 10 = 5. What is the tens digit of (104/(-3))/(b/36)?
5
Suppose 3*i = 7*i - 8. Suppose -2*t + 13 = i*t + 5*w, -w + 5 = 2*t. What is the units digit of t?
2
Suppose 299 = w + 4*p, -2*w + p + 696 = 80. What is the tens digit of w?
0
What is the tens digit of (273/14 - -7)*(-2 + 8)?
5
Let q = -856 - -1503. What is the hundreds digit of q?
6
What is the tens digit of 1*(4 - 79/(-1)) + 4?
8
Let n(q) = -2*q + 1. Let p be n(0). Let d = p - -2. Suppose -5*w + 51 = 2*r, -d*r + 14 + 30 = w. What is the tens digit of r?
1
Let a be 7/4 - 4*(-7)/112. What is the units digit of (30 + -13)/(a/16)?
6
Let q(c) = -102*c + 2. Let k be -3 - -2 - (2 + 0 + -1). What is the hundreds digit of q(k)?
2
Let n(l) = -2*l**2 - 4*l + 15. Let y be n(-6). Let q = -29 - y. Suppose q*b + 29 - 105 = 0. What is the tens digit of b?
1
Suppose 2 = 34*m - 33*m. Suppose -3*n + 2*p + 399 = 0, -247 = -2*n - 2*p - 3*p. Suppose v = -4*h + n, -m*h = h + 5*v - 77. What is the units digit of h?
4
What is the tens digit of 5/((-10)/(-4))*(-1139)/(-2)?
3
Suppose -2*o = -4*x - 2, 5*o + 13 = -x + 40. Su